{"id":510,"date":"2017-12-03T21:27:49","date_gmt":"2017-12-03T20:27:49","guid":{"rendered":"http:\/\/taeryon.bayern\/WordPress_02\/?page_id=510"},"modified":"2018-06-04T11:39:49","modified_gmt":"2018-06-04T09:39:49","slug":"verein","status":"publish","type":"page","link":"https:\/\/taeryon.bayern\/WordPress_02\/index.php\/verein\/","title":{"rendered":"Verein"},"content":{"rendered":"<p><span style=\"font-family: verdana, geneva, sans-serif; font-size: 10pt;\">Taeryon e.V. wurde am 17.6.2001 als gemeinn\u00fctziger, \u00fcberregionaler Verein f\u00fcr traditionelles Taekwon-Do, Selbstverteidigung und Gesundheitsbildung mit Sitz in Olching gegr\u00fcndet. Heute trainieren wir neben dem traditionellen auch das moderne Taekwon-Do.<br \/>\n<\/span><\/p>\n<p><span style=\"font-family: verdana, geneva, sans-serif; font-size: 10pt;\">Wir lehren das traditionelle Formensystem der Hyongs als auch das moderne WT (World Taekwondo) Formensystem der Taeguk\/Poomsae und den Vollkontakt Wettkampf in Schutzkleidung. <\/span><\/p>\n","protected":false},"excerpt":{"rendered":"<p>Taeryon e.V. wurde am 17.6.2001 als gemeinn\u00fctziger, \u00fcberregionaler Verein f\u00fcr traditionelles Taekwon-Do, Selbstverteidigung und Gesundheitsbildung mit Sitz in Olching gegr\u00fcndet. Heute trainieren wir neben dem traditionellen auch das moderne Taekwon-Do. &hellip; <\/p>\n<p class=\"link-more\"><a href=\"https:\/\/taeryon.bayern\/WordPress_02\/index.php\/verein\/\" class=\"more-link\"><span class=\"screen-reader-text\">\u201eVerein\u201c<\/span> weiterlesen<\/a><\/p>\n","protected":false},"author":1,"featured_media":0,"parent":0,"menu_order":0,"comment_status":"closed","ping_status":"closed","template":"","meta":{"ngg_post_thumbnail":0,"footnotes":""},"_links":{"self":[{"href":"https:\/\/taeryon.bayern\/WordPress_02\/index.php\/wp-json\/wp\/v2\/pages\/510"}],"collection":[{"href":"https:\/\/taeryon.bayern\/WordPress_02\/index.php\/wp-json\/wp\/v2\/pages"}],"about":[{"href":"https:\/\/taeryon.bayern\/WordPress_02\/index.php\/wp-json\/wp\/v2\/types\/page"}],"author":[{"embeddable":true,"href":"https:\/\/taeryon.bayern\/WordPress_02\/index.php\/wp-json\/wp\/v2\/users\/1"}],"replies":[{"embeddable":true,"href":"https:\/\/taeryon.bayern\/WordPress_02\/index.php\/wp-json\/wp\/v2\/comments?post=510"}],"version-history":[{"count":13,"href":"https:\/\/taeryon.bayern\/WordPress_02\/index.php\/wp-json\/wp\/v2\/pages\/510\/revisions"}],"predecessor-version":[{"id":2007,"href":"https:\/\/taeryon.bayern\/WordPress_02\/index.php\/wp-json\/wp\/v2\/pages\/510\/revisions\/2007"}],"wp:attachment":[{"href":"https:\/\/taeryon.bayern\/WordPress_02\/index.php\/wp-json\/wp\/v2\/media?parent=510"}],"curies":[{"name":"wp","href":"https:\/\/api.w.org\/{rel}","templated":true}]}}