{"id":3810,"date":"2026-03-06T18:05:01","date_gmt":"2026-03-06T17:05:01","guid":{"rendered":"https:\/\/taeryon.bayern\/WordPress_02\/?page_id=3810"},"modified":"2026-03-06T18:05:01","modified_gmt":"2026-03-06T17:05:01","slug":"kooperation-mit-dem-sv-mammendorf-e-v","status":"publish","type":"page","link":"https:\/\/taeryon.bayern\/WordPress_02\/index.php\/kooperation-mit-dem-sv-mammendorf-e-v\/","title":{"rendered":"Kooperation mit dem SV Mammendorf e.V."},"content":{"rendered":"<p>Taeryon e.V. und der SVM Mammendorf e.V. arbeiten im Bereich Taekwondo eng zusammen.<br \/>\nTaeryon \u00fcbernimmt dabei Organisation und Durchf\u00fchrung des Trainings, der SVM bewirbt diese Zusammenarbeit und gibt Taeryon weiter die M\u00f6glichkeit zur Information \u00fcber den SVM Verteiler.<\/p>\n<p>Praktisch bedeutet das f\u00fcr SVM Mitglieder, dass sie sich im Rahmen der Kooperation zu einem reduzierten Beitrag \u00fcber den SVM bei Taeryon anmelden k\u00f6nnen<br \/>\nso bezahlen Kinder ab 6 bis einschl. 11 Jahre, im Rahmen der Kooperation, 115\u20ac<br \/>\nJugendliche ab 12 bis einschlie\u00dflich 20 Jahre, 145\u20ac<br \/>\nund Erwachsene ab 21 Jahre 180\u20ac Jahresbeitrag.<br \/>\nDer Familienbeitrag (umfasst Eltern und alle eigenen Kinder bis einschlie\u00dflich 20 Jahre) betr\u00e4gt 380\u20ac<\/p>\n<p>Bei Beitrags\u00e4nderungen des SVM oder auch von Taeryon k\u00f6nnen auch die SVM Kooperations-Mitgliedschaftsbeitr\u00e4ge Taeryon angepasst werden.<\/p>\n<p>weitere Infos \u00fcber die Kooperation zwischen Taeryon e.V und dem SVM Mammendorf e.V gibts auf Nachfrage per E-mail unter <a href=\"mailto:info@taeryon.bayern\">info@taeryon.bayern<\/a><\/p>\n","protected":false},"excerpt":{"rendered":"<p>Taeryon e.V. und der SVM Mammendorf e.V. arbeiten im Bereich Taekwondo eng zusammen. Taeryon \u00fcbernimmt dabei Organisation und Durchf\u00fchrung des Trainings, der SVM bewirbt diese Zusammenarbeit und gibt Taeryon weiter &hellip; <\/p>\n<p class=\"link-more\"><a href=\"https:\/\/taeryon.bayern\/WordPress_02\/index.php\/kooperation-mit-dem-sv-mammendorf-e-v\/\" class=\"more-link\"><span class=\"screen-reader-text\">\u201eKooperation mit dem SV Mammendorf e.V.\u201c<\/span> weiterlesen<\/a><\/p>\n","protected":false},"author":2,"featured_media":0,"parent":0,"menu_order":0,"comment_status":"closed","ping_status":"closed","template":"","meta":{"ngg_post_thumbnail":0,"footnotes":""},"_links":{"self":[{"href":"https:\/\/taeryon.bayern\/WordPress_02\/index.php\/wp-json\/wp\/v2\/pages\/3810"}],"collection":[{"href":"https:\/\/taeryon.bayern\/WordPress_02\/index.php\/wp-json\/wp\/v2\/pages"}],"about":[{"href":"https:\/\/taeryon.bayern\/WordPress_02\/index.php\/wp-json\/wp\/v2\/types\/page"}],"author":[{"embeddable":true,"href":"https:\/\/taeryon.bayern\/WordPress_02\/index.php\/wp-json\/wp\/v2\/users\/2"}],"replies":[{"embeddable":true,"href":"https:\/\/taeryon.bayern\/WordPress_02\/index.php\/wp-json\/wp\/v2\/comments?post=3810"}],"version-history":[{"count":2,"href":"https:\/\/taeryon.bayern\/WordPress_02\/index.php\/wp-json\/wp\/v2\/pages\/3810\/revisions"}],"predecessor-version":[{"id":3812,"href":"https:\/\/taeryon.bayern\/WordPress_02\/index.php\/wp-json\/wp\/v2\/pages\/3810\/revisions\/3812"}],"wp:attachment":[{"href":"https:\/\/taeryon.bayern\/WordPress_02\/index.php\/wp-json\/wp\/v2\/media?parent=3810"}],"curies":[{"name":"wp","href":"https:\/\/api.w.org\/{rel}","templated":true}]}}