{"id":3514,"date":"2024-01-17T13:29:04","date_gmt":"2024-01-17T12:29:04","guid":{"rendered":"https:\/\/taeryon.bayern\/WordPress_02\/?page_id=3514"},"modified":"2026-03-25T13:24:58","modified_gmt":"2026-03-25T12:24:58","slug":"bestellformular","status":"publish","type":"page","link":"https:\/\/taeryon.bayern\/WordPress_02\/index.php\/verein\/bestellformular\/","title":{"rendered":"Bestellformular"},"content":{"rendered":"<p><a href=\"https:\/\/taeryon.bayern\/WordPress_02\/wp-content\/uploads\/2026\/03\/2026_Bestellformular.pdf\"><span style=\"font-size: 10pt; font-family: verdana, geneva, sans-serif;\"><span style=\"font-size: 12pt;\"><strong>Klick hier: Bestellformular herunterladen, ausf\u00fcllen, unterschreiben,\u00a0 abschicken<\/strong><\/span><\/span><\/a><\/p>\n<a href=\"https:\/\/taeryon.bayern\/WordPress_02\/wp-content\/uploads\/2026\/03\/2026_Bestellformular.pdf\" class=\"pdfemb-viewer\" style=\"\" data-width=\"max\" data-height=\"max\" data-toolbar=\"bottom\" data-toolbar-fixed=\"off\">Bestellformular<\/a>\n<p><br><\/p>\n<p><strong>Hinweise<\/strong>:<\/p>\n<p>Die Kinderanz\u00fcge fallen in der Regel recht gro\u00df aus. Deshalb vielleicht lieber eine Nummer kleiner bestellen (Gr\u00f6\u00dfe des Doboks ist gleich K\u00f6rpergr\u00f6\u00dfe Kind in cm)<br \/>\nEin Umtausch der Doboks ist nur innerhalb von 2 Wochen nach Erhalt m\u00f6glich.<br \/>\nBei individuell bedruckter Kleidung k\u00f6nnen wir leider keinen Umtausch anbieten.<\/p>\n<p><a href=\"https:\/\/taeryon.bayern\/WordPress_02\/index.php\/produktbeschreibungen\/\">Hier<\/a> findet Ihr Produktbeschreibungen und Gr\u00f6\u00dfentabellen zur Entscheidungshilfe<\/p>\n<p>\u00a0<\/p>\n","protected":false},"excerpt":{"rendered":"<p>Klick hier: Bestellformular herunterladen, ausf\u00fcllen, unterschreiben,\u00a0 abschicken Hinweise: Die Kinderanz\u00fcge fallen in der Regel recht gro\u00df aus. Deshalb vielleicht lieber eine Nummer kleiner bestellen (Gr\u00f6\u00dfe des Doboks ist gleich K\u00f6rpergr\u00f6\u00dfe &hellip; <\/p>\n<p class=\"link-more\"><a href=\"https:\/\/taeryon.bayern\/WordPress_02\/index.php\/verein\/bestellformular\/\" class=\"more-link\"><span class=\"screen-reader-text\">\u201eBestellformular\u201c<\/span> weiterlesen<\/a><\/p>\n","protected":false},"author":2,"featured_media":0,"parent":510,"menu_order":0,"comment_status":"closed","ping_status":"closed","template":"","meta":{"ngg_post_thumbnail":0,"footnotes":""},"_links":{"self":[{"href":"https:\/\/taeryon.bayern\/WordPress_02\/index.php\/wp-json\/wp\/v2\/pages\/3514"}],"collection":[{"href":"https:\/\/taeryon.bayern\/WordPress_02\/index.php\/wp-json\/wp\/v2\/pages"}],"about":[{"href":"https:\/\/taeryon.bayern\/WordPress_02\/index.php\/wp-json\/wp\/v2\/types\/page"}],"author":[{"embeddable":true,"href":"https:\/\/taeryon.bayern\/WordPress_02\/index.php\/wp-json\/wp\/v2\/users\/2"}],"replies":[{"embeddable":true,"href":"https:\/\/taeryon.bayern\/WordPress_02\/index.php\/wp-json\/wp\/v2\/comments?post=3514"}],"version-history":[{"count":24,"href":"https:\/\/taeryon.bayern\/WordPress_02\/index.php\/wp-json\/wp\/v2\/pages\/3514\/revisions"}],"predecessor-version":[{"id":3819,"href":"https:\/\/taeryon.bayern\/WordPress_02\/index.php\/wp-json\/wp\/v2\/pages\/3514\/revisions\/3819"}],"up":[{"embeddable":true,"href":"https:\/\/taeryon.bayern\/WordPress_02\/index.php\/wp-json\/wp\/v2\/pages\/510"}],"wp:attachment":[{"href":"https:\/\/taeryon.bayern\/WordPress_02\/index.php\/wp-json\/wp\/v2\/media?parent=3514"}],"curies":[{"name":"wp","href":"https:\/\/api.w.org\/{rel}","templated":true}]}}