{"id":23,"date":"2023-02-13T09:00:49","date_gmt":"2023-02-13T08:00:49","guid":{"rendered":"http:\/\/taeryon.bayern\/WordPress_02\/?page_id=23"},"modified":"2023-02-13T15:03:00","modified_gmt":"2023-02-13T14:03:00","slug":"ueber-mich","status":"publish","type":"page","link":"https:\/\/taeryon.bayern\/WordPress_02\/index.php\/training\/ueber-mich\/","title":{"rendered":"Unsere Trainer"},"content":{"rendered":"<p><span style=\"font-family: Verdana, Arial, Helvetica, sans-serif; font-size: small;\"><a href=\"https:\/\/taeryon.bayern\/WordPress_02\/index.php\/training\/ueber-mich\/otfried-schanz-4-dan\/\"><span style=\"font-size: 10pt;\">Otfried Schanz, 5. Dan<\/span><\/a><br \/>\n<span style=\"font-size: 10pt;\"><a href=\"https:\/\/taeryon.bayern\/WordPress_02\/index.php\/training\/ueber-mich\/patrick-schanz-4-dan\/\">Patrick Schanz, 4. Dan<\/a><br \/>\n<a href=\"https:\/\/taeryon.bayern\/WordPress_02\/index.php\/training\/ueber-mich\/laura-kraxenberger-1-dan\/\">Laura Kraxenberger, 3. Dan<\/a><\/span><br \/>\n<span style=\"font-size: 10pt;\"><a href=\"https:\/\/taeryon.bayern\/WordPress_02\/index.php\/training\/ueber-mich\/sibylle-greppmayr-1-dan\/\">Sibylle Greppmayr, 2.Dan<\/a><br \/>\n<span style=\"font-family: Verdana, Arial, Helvetica, sans-serif; font-size: 10pt;\"><a href=\"https:\/\/taeryon.bayern\/WordPress_02\/index.php\/sophia-hattensperger-1-dan\/\">Sophia Hattensperger, 2.Dan<\/a><\/span><\/span><span style=\"font-size: 10pt;\"><br \/>\n<\/span><\/span><span style=\"font-family: Verdana, Arial, Helvetica, sans-serif; font-size: 10pt;\"><a href=\"https:\/\/taeryon.bayern\/WordPress_02\/index.php\/ralph-mueller-2-dan\/\">Ralph M\u00fcller, 2.Dan<\/a><br \/>\n<a href=\"https:\/\/taeryon.bayern\/WordPress_02\/index.php\/timo-greppmayr-1-kup-assistenz\/\">Timo Greppmayr 1.Dan<\/a><\/span><span style=\"font-family: Verdana, Arial, Helvetica, sans-serif; font-size: 10pt;\"><br \/>\n<a href=\"https:\/\/taeryon.bayern\/WordPress_02\/index.php\/jessica-huetter-1-dan\/\">Jessica H\u00fctter, 1.Dan<\/a><br \/>\n<a href=\"https:\/\/taeryon.bayern\/WordPress_02\/index.php\/eva-buecherl-1-kup-assistenz\/\">Eva B\u00fccherl, 1.Kup<\/a> (Assistenz-Trainerin)<br \/>\n<\/span><span style=\"font-family: Verdana, Arial, Helvetica, sans-serif; font-size: 10pt;\"><a href=\"https:\/\/taeryon.bayern\/WordPress_02\/index.php\/ingo-greppmayr-1-kup-assistenz\/\">Ingo Greppmayr, 1.Kup<\/a> (Assistenz-Trainer)<br \/>\n<\/span><span style=\"font-family: Verdana, Arial, Helvetica, sans-serif; font-size: small;\"><span style=\"font-size: 10pt;\"><br \/>\n<\/span><\/span><\/p>\n","protected":false},"excerpt":{"rendered":"<p>Otfried Schanz, 5. Dan Patrick Schanz, 4. Dan Laura Kraxenberger, 3. Dan Sibylle Greppmayr, 2.Dan Sophia Hattensperger, 2.Dan Ralph M\u00fcller, 2.Dan Timo Greppmayr 1.Dan Jessica H\u00fctter, 1.Dan Eva B\u00fccherl, 1.Kup &hellip; <\/p>\n<p class=\"link-more\"><a href=\"https:\/\/taeryon.bayern\/WordPress_02\/index.php\/training\/ueber-mich\/\" class=\"more-link\"><span class=\"screen-reader-text\">\u201eUnsere Trainer\u201c<\/span> weiterlesen<\/a><\/p>\n","protected":false},"author":1,"featured_media":0,"parent":97,"menu_order":0,"comment_status":"closed","ping_status":"closed","template":"","meta":{"ngg_post_thumbnail":0,"footnotes":""},"_links":{"self":[{"href":"https:\/\/taeryon.bayern\/WordPress_02\/index.php\/wp-json\/wp\/v2\/pages\/23"}],"collection":[{"href":"https:\/\/taeryon.bayern\/WordPress_02\/index.php\/wp-json\/wp\/v2\/pages"}],"about":[{"href":"https:\/\/taeryon.bayern\/WordPress_02\/index.php\/wp-json\/wp\/v2\/types\/page"}],"author":[{"embeddable":true,"href":"https:\/\/taeryon.bayern\/WordPress_02\/index.php\/wp-json\/wp\/v2\/users\/1"}],"replies":[{"embeddable":true,"href":"https:\/\/taeryon.bayern\/WordPress_02\/index.php\/wp-json\/wp\/v2\/comments?post=23"}],"version-history":[{"count":19,"href":"https:\/\/taeryon.bayern\/WordPress_02\/index.php\/wp-json\/wp\/v2\/pages\/23\/revisions"}],"predecessor-version":[{"id":3351,"href":"https:\/\/taeryon.bayern\/WordPress_02\/index.php\/wp-json\/wp\/v2\/pages\/23\/revisions\/3351"}],"up":[{"embeddable":true,"href":"https:\/\/taeryon.bayern\/WordPress_02\/index.php\/wp-json\/wp\/v2\/pages\/97"}],"wp:attachment":[{"href":"https:\/\/taeryon.bayern\/WordPress_02\/index.php\/wp-json\/wp\/v2\/media?parent=23"}],"curies":[{"name":"wp","href":"https:\/\/api.w.org\/{rel}","templated":true}]}}