{"id":1387,"date":"2022-08-08T08:00:21","date_gmt":"2022-08-08T06:00:21","guid":{"rendered":"http:\/\/taeryon.bayern\/WordPress_02\/?page_id=1387"},"modified":"2022-08-08T13:43:17","modified_gmt":"2022-08-08T11:43:17","slug":"mitgliedsbeitraege","status":"publish","type":"page","link":"https:\/\/taeryon.bayern\/WordPress_02\/index.php\/verein\/mitgliedsbeitraege\/","title":{"rendered":"Mitgliedsbeitr\u00e4ge"},"content":{"rendered":"<table>\n<tbody>\n<tr style=\"background-color: #c0c0c0;\">\n<td colspan=\"2\">\n<h4 style=\"text-align: center;\"><span style=\"font-family: verdana, geneva, sans-serif; font-size: 10pt;\"><strong>Mitgliedsbeitr\u00e4ge j\u00e4hrlich<\/strong><\/span><\/h4>\n<\/td>\n<\/tr>\n<tr>\n<td><span style=\"font-family: verdana, geneva, sans-serif; font-size: 10pt;\">Kinder bis einschlie\u00dflich 11 Jahre<\/span><\/td>\n<td><span style=\"font-family: verdana, geneva, sans-serif; font-size: 10pt;\"> 140 \u20ac<\/span><\/td>\n<\/tr>\n<tr>\n<td><span style=\"font-family: verdana, geneva, sans-serif; font-size: 10pt;\">Jugendliche ab 12 bis einschlie\u00dflich 20 Jahre<\/span><\/td>\n<td><span style=\"font-family: verdana, geneva, sans-serif; font-size: 10pt;\"> 170 \u20ac<\/span><\/td>\n<\/tr>\n<tr>\n<td><span style=\"font-family: verdana, geneva, sans-serif; font-size: 10pt;\">Erwachsene ab 21 Jahre<\/span><\/td>\n<td><span style=\"font-family: verdana, geneva, sans-serif; font-size: 10pt;\"> 220 \u20ac<\/span><\/td>\n<\/tr>\n<tr>\n<td><span style=\"font-family: verdana, geneva, sans-serif; font-size: 10pt;\">Familien (Eltern und alle eigenen Kinder bis einschlie\u00dflich 20 Jahre)<\/span><\/td>\n<td><span style=\"font-family: verdana, geneva, sans-serif; font-size: 10pt;\"> 480 \u20ac<\/span><\/td>\n<\/tr>\n<tr style=\"background-color: #c0c0c0;\">\n<td colspan=\"2\"><span style=\"font-family: verdana, geneva, sans-serif; font-size: 10pt;\">Die Zahlung erfolgt einmal j\u00e4hrlich (i.d.R. jeweils am 15. Januar) im Voraus per SEPA-Lastschrift. Ohne K\u00fcndigung verl\u00e4ngert sich die Mitgliedschaft automatisch um ein Jahr. Gek\u00fcndigt werden kann jeweils zum Jahresende (31.12.) mit einer K\u00fcndigungsfrist von 3 Monaten (also sp\u00e4testens bis zum 30.9 eines Jahres). Im Mitgliedsbeitrag eingeschlossen ist die Teilnahme an allen von Taeryon angebotenen Trainings.<\/span><\/p>\n<p><span style=\"font-family: verdana, geneva, sans-serif; font-size: 10pt;\">Im Eintrittsjahr wird der Mitgliedsbeitrag nur anteilig ab dem Eintrittsdatum berechnet. Man kann also jederzeit Mitglied werden ohne finanzielle Nachteile.<\/span><\/p>\n<p><span style=\"font-family: verdana, geneva, sans-serif; font-size: 10pt;\">Die Aufnahmegeb\u00fchr betr\u00e4gt einmalig 10\u20ac und wird mit dem ersten Beitrag eingezogen.<\/span><\/td>\n<\/tr>\n<\/tbody>\n<\/table>\n<p><span style=\"font-family: verdana, geneva, sans-serif; font-size: 10pt;\"> <a href=\"https:\/\/taeryon.bayern\/WordPress_02\/wp-content\/uploads\/2022\/03\/Mitgliedsantrag-DSGVO-v3-Formular.pdf\" target=\"_blank\" rel=\"noopener noreferrer\"><strong>Ich will Mitglied werden \u2013 <\/strong>Antrag online ausf\u00fcllen \u2013 ausdrucken \u2013 unterschreiben!<\/a><\/span><\/p>\n<table>\n<tbody>\n<tr style=\"background-color: #c0c0c0;\">\n<td colspan=\"2\">\n<h4 style=\"text-align: center;\"><span style=\"font-family: verdana, geneva, sans-serif; font-size: 10pt;\"><strong>Kursanmeldung \u2013 Geb\u00fchren<\/strong><\/span><\/h4>\n<\/td>\n<\/tr>\n<tr>\n<td><span style=\"font-family: verdana, geneva, sans-serif; font-size: 10pt;\">Kinder bis einschlie\u00dflich 11 Jahre<\/span><\/td>\n<td><span style=\"font-family: verdana, geneva, sans-serif; font-size: 10pt;\"> 80 \u20ac<\/span><\/td>\n<\/tr>\n<tr>\n<td><span style=\"font-family: verdana, geneva, sans-serif; font-size: 10pt;\">Jugendliche ab 12 bis einschlie\u00dflich 20 Jahre<\/span><\/td>\n<td><span style=\"font-family: verdana, geneva, sans-serif; font-size: 10pt;\"> 95 \u20ac<\/span><\/td>\n<\/tr>\n<tr>\n<td><span style=\"font-family: verdana, geneva, sans-serif; font-size: 10pt;\">Erwachsene ab 21 Jahre<\/span><\/td>\n<td><span style=\"font-family: verdana, geneva, sans-serif; font-size: 10pt;\"> 120 \u20ac<\/span><\/td>\n<\/tr>\n<tr style=\"background-color: #c0c0c0;\">\n<td colspan=\"2\"><span style=\"font-family: verdana, geneva, sans-serif; font-size: 10pt;\">Die Zahlung erfolgt im Voraus per SEPA-Lastschrift. Ein Kurs beginnt und endet jeweils mit dem Schulhalbjahr. Eine K\u00fcndigung am Ende ist nicht erforderlich. Die Kursanmeldung berechtigt nur zur Teilnahme f\u00fcr den angemeldeten Kurs.<\/span><\/td>\n<\/tr>\n<\/tbody>\n<\/table>\n<p><span style=\"font-family: verdana, geneva, sans-serif; font-size: 10pt;\"> <a href=\"https:\/\/taeryon.bayern\/WordPress_02\/wp-content\/uploads\/2022\/03\/Kursanmeldung-DSGVO-v3-Formular.pdf\" target=\"_blank\" rel=\"noopener noreferrer\"><strong>Ich will mich f\u00fcr einen Kurs anmelden \u2013 <\/strong>Antrag online ausf\u00fcllen \u2013 ausdrucken \u2013 unterschreiben!<\/a><\/span><\/p>\n","protected":false},"excerpt":{"rendered":"<p>Mitgliedsbeitr\u00e4ge j\u00e4hrlich Kinder bis einschlie\u00dflich 11 Jahre 140 \u20ac Jugendliche ab 12 bis einschlie\u00dflich 20 Jahre 170 \u20ac Erwachsene ab 21 Jahre 220 \u20ac Familien (Eltern und alle eigenen Kinder &hellip; <\/p>\n<p class=\"link-more\"><a href=\"https:\/\/taeryon.bayern\/WordPress_02\/index.php\/verein\/mitgliedsbeitraege\/\" class=\"more-link\"><span class=\"screen-reader-text\">\u201eMitgliedsbeitr\u00e4ge\u201c<\/span> weiterlesen<\/a><\/p>\n","protected":false},"author":1,"featured_media":0,"parent":510,"menu_order":0,"comment_status":"closed","ping_status":"closed","template":"","meta":{"ngg_post_thumbnail":0,"footnotes":""},"_links":{"self":[{"href":"https:\/\/taeryon.bayern\/WordPress_02\/index.php\/wp-json\/wp\/v2\/pages\/1387"}],"collection":[{"href":"https:\/\/taeryon.bayern\/WordPress_02\/index.php\/wp-json\/wp\/v2\/pages"}],"about":[{"href":"https:\/\/taeryon.bayern\/WordPress_02\/index.php\/wp-json\/wp\/v2\/types\/page"}],"author":[{"embeddable":true,"href":"https:\/\/taeryon.bayern\/WordPress_02\/index.php\/wp-json\/wp\/v2\/users\/1"}],"replies":[{"embeddable":true,"href":"https:\/\/taeryon.bayern\/WordPress_02\/index.php\/wp-json\/wp\/v2\/comments?post=1387"}],"version-history":[{"count":18,"href":"https:\/\/taeryon.bayern\/WordPress_02\/index.php\/wp-json\/wp\/v2\/pages\/1387\/revisions"}],"predecessor-version":[{"id":2941,"href":"https:\/\/taeryon.bayern\/WordPress_02\/index.php\/wp-json\/wp\/v2\/pages\/1387\/revisions\/2941"}],"up":[{"embeddable":true,"href":"https:\/\/taeryon.bayern\/WordPress_02\/index.php\/wp-json\/wp\/v2\/pages\/510"}],"wp:attachment":[{"href":"https:\/\/taeryon.bayern\/WordPress_02\/index.php\/wp-json\/wp\/v2\/media?parent=1387"}],"curies":[{"name":"wp","href":"https:\/\/api.w.org\/{rel}","templated":true}]}}