{"id":120,"date":"2022-05-19T08:00:16","date_gmt":"2022-05-19T06:00:16","guid":{"rendered":"http:\/\/taeryon.bayern\/WordPress_02\/?page_id=120"},"modified":"2022-05-19T09:31:44","modified_gmt":"2022-05-19T07:31:44","slug":"poomsae","status":"publish","type":"page","link":"https:\/\/taeryon.bayern\/WordPress_02\/index.php\/taekwondo\/disziplinen\/formen\/poomsae\/","title":{"rendered":"Poomsae"},"content":{"rendered":"<h4><span style=\"font-family: verdana, geneva, sans-serif; font-size: 10pt;\">Das WT Formensystem Taeguk\/Poomsae<\/span><\/h4>\n<p><span style=\"font-family: verdana, geneva, sans-serif; font-size: 10pt;\">Nach der Trennung in die Verb\u00e4nde ITF und WTF (sp\u00e4ter Umbenennung in WT) in den 1970ern entwickelten sich auch die Formen-Systeme auseinander. Die traditionelle Stilrichtung der Hyongs\/Tuls wurde von der ITF und anderen traditionellen Verb\u00e4nden weiter gepflegt, w\u00e4hrend die WT (World Taekwondo) mit den Taeguk\/Poomsae ein v\u00f6llig neues System entwickelte. Die wesentlichen Unterschiede liegen in der Interpretation und der Art des Formenlaufens. Die Taeguk\/Poomsae werden als Bewegungsform interpretiert und nicht mehr als Kampf wie die Hyongs. Der Schwerpunkt liegt nicht mehr nahezu gleichbleibend niedrig, sondern wechselt auch mit h\u00f6heren St\u00e4nden ab.<\/span><\/p>\n<table style=\"width: 579px;\" width=\"891\">\n<tbody>\n<tr>\n<td style=\"width: 111px;\" width=\"129\"><span style=\"font-family: verdana, geneva, sans-serif; font-size: 10pt;\"><strong>Name<\/strong><\/span><\/td>\n<td style=\"width: 468px;\" width=\"697\"><span style=\"font-family: verdana, geneva, sans-serif; font-size: 10pt;\"><strong>Symbolik \/ Bedeutung\/ Video<br \/>\n<\/strong><\/span><\/td>\n<\/tr>\n<tr style=\"background-color: #ffff00;\">\n<td style=\"width: 111px;\" width=\"129\"><span style=\"font-family: verdana, geneva, sans-serif; font-size: 10pt;\">Taeguk-Il-Chang<\/span><\/td>\n<td style=\"width: 468px;\" width=\"697\"><span style=\"font-family: verdana, geneva, sans-serif; font-size: 10pt;\">Das Symbol dieser Form steht f\u00fcr Himmel und symbolisiert den Anfang.<\/span><br \/>\n<span style=\"font-family: verdana, geneva, sans-serif; font-size: 10pt;\"> Anzahl Bewegungen: 18<\/span><br \/>\n<span style=\"font-family: verdana, geneva, sans-serif; font-size: 10pt;\"> Pr\u00fcfungsform zum 7. Kup (Gelb\/Gr\u00fcn-Gurt)<br \/>\n<a href=\"https:\/\/www.youtube.com\/watch?v=WhkjRruCBTo\" target=\"_blank\" rel=\"noopener\">1. Form Kukkiwon-Video (\u00f6ffnet ein neues Tab)<\/a><br \/>\n<\/span><\/td>\n<\/tr>\n<tr style=\"background-color: #00ff00;\">\n<td style=\"width: 111px;\" width=\"129\"><span style=\"font-family: verdana, geneva, sans-serif; font-size: 10pt;\">Taeguk-I-Jang<\/span><\/td>\n<td style=\"width: 468px;\" width=\"697\"><span style=\"font-family: verdana, geneva, sans-serif; font-size: 10pt;\">Steht f\u00fcr Fr\u00f6hlichkeit und Frohsinn.<\/span><br \/>\n<span style=\"font-family: verdana, geneva, sans-serif; font-size: 10pt;\"> Anzahl Bewegungen: 18<\/span><br \/>\n<span style=\"font-family: verdana, geneva, sans-serif; font-size: 10pt;\"> Pr\u00fcfungsform zum 6. Kup (Gr\u00fcn-Gurt)<br \/>\n<a href=\"https:\/\/www.youtube.com\/watch?v=tGlrUplKHh8\" target=\"_blank\" rel=\"noopener\">2. Form Kukkiwon-Video (\u00f6ffnet ein neues Tab)<\/a><br \/>\n<\/span><\/td>\n<\/tr>\n<tr style=\"background-color: #00ff00;\">\n<td style=\"width: 111px;\" width=\"129\"><span style=\"font-family: verdana, geneva, sans-serif; font-size: 10pt;\">Taeguk-Sam-Jang<\/span><\/td>\n<td style=\"width: 468px;\" width=\"697\"><span style=\"font-family: verdana, geneva, sans-serif; font-size: 10pt;\">Feuer ist das Zeichen der dritten Form und symbolisiert die Beherrschung des Feuers durch den Menschen.<\/span><br \/>\n<span style=\"font-family: verdana, geneva, sans-serif; font-size: 10pt;\"> Anzahl Bewegungen: 20<\/span><br \/>\n<span style=\"font-family: verdana, geneva, sans-serif; font-size: 10pt;\"> Pr\u00fcfungsform zum 5. Kup (Gr\u00fcn\/Blau-Gurt)<br \/>\n<a href=\"https:\/\/www.youtube.com\/watch?v=ksSqKt0UkWo\" target=\"_blank\" rel=\"noopener\">3. Form Kukkiwon-Video (\u00f6ffnet ein neues Tab)<\/a><br \/>\n<\/span><\/td>\n<\/tr>\n<tr style=\"background-color: #0080ff;\">\n<td style=\"width: 111px;\" width=\"129\"><span style=\"font-family: verdana, geneva, sans-serif; font-size: 10pt;\">Taeguk-Sa-Jang<\/span><\/td>\n<td style=\"width: 468px;\" width=\"697\"><span style=\"font-family: verdana, geneva, sans-serif; font-size: 10pt;\">Donner und Blitz symbolisieren St\u00e4rke und Kraft.<\/span><br \/>\n<span style=\"font-family: verdana, geneva, sans-serif; font-size: 10pt;\"> Anzahl Bewegungen: 20<\/span><br \/>\n<span style=\"font-family: verdana, geneva, sans-serif; font-size: 10pt;\"> Pr\u00fcfungsform zum 4. Kup (Blau-Gurt)<br \/>\n<a href=\"https:\/\/www.youtube.com\/watch?v=Lt917gacJho&t=174s\" target=\"_blank\" rel=\"noopener\">4. Form Kukkiwon-Video (\u00f6ffnet ein neues Tab)<\/a><br \/>\n<\/span><\/td>\n<\/tr>\n<tr style=\"background-color: #0080ff;\">\n<td style=\"width: 111px;\" width=\"129\"><span style=\"font-family: verdana, geneva, sans-serif; font-size: 10pt;\">Taeguk-Oh-Jang<\/span><\/td>\n<td style=\"width: 468px;\" width=\"697\"><span style=\"font-family: verdana, geneva, sans-serif; font-size: 10pt;\">Der Wind steht f\u00fcr Aufbau und Zerst\u00f6rung.<\/span><br \/>\n<span style=\"font-family: verdana, geneva, sans-serif; font-size: 10pt;\"> Anzahl Bewegungen: 20<\/span><br \/>\n<span style=\"font-family: verdana, geneva, sans-serif; font-size: 10pt;\"> Pr\u00fcfungsform zum 3. Kup (Blau\/Rot-Gurt)<br \/>\n<a href=\"https:\/\/www.youtube.com\/watch?v=VdqNEAHWCBM\" target=\"_blank\" rel=\"noopener\">5. Form Kukkiwon-Video (\u00f6ffnet ein neues Tab)<\/a><br \/>\n<\/span><\/td>\n<\/tr>\n<tr style=\"background-color: #ff8000;\">\n<td style=\"width: 111px;\" width=\"129\"><span style=\"font-family: verdana, geneva, sans-serif; font-size: 10pt;\">Taeguk-Yuk-Jang<\/span><\/td>\n<td style=\"width: 468px;\" width=\"697\"><span style=\"font-family: verdana, geneva, sans-serif; font-size: 10pt;\">Wasser steht f\u00fcr Ver\u00e4nderung und Anpassungsf\u00e4higkeit.<\/span><br \/>\n<span style=\"font-family: verdana, geneva, sans-serif; font-size: 10pt;\"> Anzahl Bewegungen: 23<\/span><br \/>\n<span style=\"font-family: verdana, geneva, sans-serif; font-size: 10pt;\"> Pr\u00fcfungsform zum 2. Kup (Rot-Gurt)<br \/>\n<a href=\"https:\/\/www.youtube.com\/watch?v=jcBwWo4wN7c\" target=\"_blank\" rel=\"noopener\">6. Form Kukkiwon Video (\u00f6ffnet ein neues Tab)<\/a><br \/>\n<\/span><\/td>\n<\/tr>\n<tr style=\"background-color: #ff8000;\">\n<td style=\"width: 111px;\" width=\"129\"><span style=\"font-family: verdana, geneva, sans-serif; font-size: 10pt;\">Taeguk-Chil-Jang<\/span><\/td>\n<td style=\"width: 468px;\" width=\"697\"><span style=\"font-family: verdana, geneva, sans-serif; font-size: 10pt;\">Symbolisiert den Berg und steht f\u00fcr Stabilit\u00e4t.<\/span><br \/>\n<span style=\"font-family: verdana, geneva, sans-serif; font-size: 10pt;\"> Anzahl Bewegungen: 25<\/span><br \/>\n<span style=\"font-family: verdana, geneva, sans-serif; font-size: 10pt;\"> Pr\u00fcfungsform zum 1. Kup (Rot\/Schwarz-Gurt)<br \/>\n<a href=\"https:\/\/www.youtube.com\/watch?v=6FUM1p6qqhQ\" target=\"_blank\" rel=\"noopener\">7. Form Kukkiwon Video (\u00f6ffnet ein neues Tab)<\/a><br \/>\n<\/span><\/td>\n<\/tr>\n<tr style=\"background-color: #808080;\">\n<td style=\"width: 111px;\" width=\"129\"><span style=\"font-family: verdana, geneva, sans-serif; font-size: 10pt; color: #ffffff;\">Taeguk-Pal-Jang<\/span><\/td>\n<td style=\"width: 468px;\" width=\"697\"><span style=\"font-family: verdana, geneva, sans-serif; font-size: 10pt; color: #ffffff;\">Symbolisiert die Erde und steht f\u00fcr die Quelle allen Lebens.<\/span><br \/>\n<span style=\"font-family: verdana, geneva, sans-serif; font-size: 10pt; color: #ffffff;\"> Anzahl Bewegungen: 24<\/span><br \/>\n<span style=\"font-family: verdana, geneva, sans-serif; font-size: 10pt; color: #ffffff;\"> Pr\u00fcfungsform zum 1. Dan (Schwarz-Gurt)<br \/>\n<a style=\"color: #ffffff;\" href=\"https:\/\/www.youtube.com\/watch?v=Gr_Je2ZkgkI\" target=\"_blank\" rel=\"noopener\">8. Form Kukkiwon Video (\u00f6ffnet ein neues Tab)<\/a><br \/>\n<\/span><\/td>\n<\/tr>\n<tr style=\"background-color: #808080;\">\n<td style=\"width: 111px;\" width=\"129\"><span style=\"font-family: verdana, geneva, sans-serif; font-size: 10pt; color: #ffffff;\">Koryo<\/span><\/td>\n<td style=\"width: 468px;\" width=\"697\"><span style=\"font-family: verdana, geneva, sans-serif; font-size: 10pt; color: #ffffff;\">Name einer alten koreanischen Dynastie.<\/span><br \/>\n<span style=\"font-family: verdana, geneva, sans-serif; font-size: 10pt; color: #ffffff;\"> Anzahl Bewegungen: 30<\/span><br \/>\n<span style=\"font-family: verdana, geneva, sans-serif; font-size: 10pt; color: #ffffff;\"> Pr\u00fcfungsform zum 2. Dan (Schwarz-Gurt)<br \/>\n<a style=\"color: #ffffff;\" href=\"https:\/\/www.youtube.com\/watch?v=mGa60JDtWmg&t=430s\" target=\"_blank\" rel=\"noopener\">Koryo Kukkiwon Video (\u00f6ffnet ein neues Tab)<\/a><br \/>\n<\/span><\/td>\n<\/tr>\n<tr style=\"background-color: #808080;\">\n<td style=\"width: 111px;\" width=\"129\"><span style=\"font-family: verdana, geneva, sans-serif; font-size: 10pt; color: #ffffff;\">Kumgang<\/span><\/td>\n<td style=\"width: 468px;\" width=\"697\"><span style=\"font-family: verdana, geneva, sans-serif; font-size: 10pt; color: #ffffff;\">Name eines koreanischen Gebirges.<\/span><br \/>\n<span style=\"font-family: verdana, geneva, sans-serif; font-size: 10pt; color: #ffffff;\"> Anzahl Bewegungen: 27<\/span><br \/>\n<span style=\"font-family: verdana, geneva, sans-serif; font-size: 10pt; color: #ffffff;\"> Pr\u00fcfungsform zum 3. Dan (Schwarz-Gurt)<br \/>\n<a style=\"color: #ffffff;\" href=\"https:\/\/www.youtube.com\/watch?v=CRGVSOmaQaY&t=318s\" target=\"_blank\" rel=\"noopener\">Kumgang Kukkiwon Video (\u00f6ffnet ein neues Tab)<\/a><br \/>\n<\/span><\/td>\n<\/tr>\n<tr style=\"background-color: #808080;\">\n<td style=\"width: 111px;\" width=\"129\"><span style=\"font-family: verdana, geneva, sans-serif; font-size: 10pt; color: #ffffff;\">Taebaek<\/span><\/td>\n<td style=\"width: 468px;\" width=\"697\"><span style=\"font-family: verdana, geneva, sans-serif; font-size: 10pt; color: #ffffff;\">Hauptgebirgszug der koreanischen Halbinsel.<\/span><br \/>\n<span style=\"font-family: verdana, geneva, sans-serif; font-size: 10pt; color: #ffffff;\"> Anzahl Bewegungen: 26<\/span><br \/>\n<span style=\"font-family: verdana, geneva, sans-serif; font-size: 10pt; color: #ffffff;\"> Pr\u00fcfungsform zum 4. Dan (Schwarz-Gurt)<br \/>\n<a style=\"color: #ffffff;\" href=\"https:\/\/www.youtube.com\/watch?v=Q4dYdFRbE4U\" target=\"_blank\" rel=\"noopener\">Taebaek Kukkiwon Video (\u00f6ffnet ein neues Tab)<\/a><br \/>\n<\/span><\/td>\n<\/tr>\n<tr style=\"background-color: #808080;\">\n<td style=\"width: 111px;\" width=\"129\"><span style=\"font-family: verdana, geneva, sans-serif; font-size: 10pt; color: #ffffff;\">Pyeongwon<\/span><\/td>\n<td style=\"width: 468px;\" width=\"697\"><span style=\"font-family: verdana, geneva, sans-serif; font-size: 10pt; color: #ffffff;\">Steht f\u00fcr gro\u00df und majest\u00e4tisch.<\/span><br \/>\n<span style=\"font-family: verdana, geneva, sans-serif; font-size: 10pt; color: #ffffff;\"> Anzahl Bewegungen: 25<\/span><br \/>\n<span style=\"font-family: verdana, geneva, sans-serif; font-size: 10pt; color: #ffffff;\"> Pr\u00fcfungsform zum 4.\/5. Dan (Schwarz-Gurt)<br \/>\n<a style=\"color: #ffffff;\" href=\"https:\/\/www.youtube.com\/watch?v=RB-7mBtvtZw\" target=\"_blank\" rel=\"noopener\">Pyeongwon Kukkiwon VIdeo (\u00f6ffnet ein neues Tab)<\/a><br \/>\n<\/span><\/td>\n<\/tr>\n<tr style=\"background-color: #808080;\">\n<td style=\"width: 111px;\" width=\"129\"><span style=\"font-family: verdana, geneva, sans-serif; font-size: 10pt; color: #ffffff;\">Sipjin<\/span><\/td>\n<td style=\"width: 468px;\" width=\"697\"><span style=\"font-family: verdana, geneva, sans-serif; font-size: 10pt; color: #ffffff;\">Sipjin steht f\u00fcr zehn Symbole der Langlebigkeit: Sonne, Mond, Berg, Wasser, Stein, Kiefer, Kraut des Ewigen Lebens, Schildkr\u00f6te, Reh und Kranich.<\/span><br \/>\n<span style=\"font-family: verdana, geneva, sans-serif; font-size: 10pt; color: #ffffff;\"> Anzahl Bewegungen: 31<\/span><br \/>\n<span style=\"font-family: verdana, geneva, sans-serif; font-size: 10pt; color: #ffffff;\"> Pr\u00fcfungsform zum 5.\/6. Dan (Schwarz-Gurt)<br \/>\n<a style=\"color: #ffffff;\" href=\"https:\/\/www.youtube.com\/watch?v=hOZB0IESJ38\" target=\"_blank\" rel=\"noopener\">Sipjin Kukkiwon Video (\u00f6ffnet ein neues Tab)<\/a><br \/>\n<\/span><\/td>\n<\/tr>\n<tr style=\"background-color: #808080;\">\n<td style=\"width: 111px;\" width=\"129\"><span style=\"font-family: verdana, geneva, sans-serif; font-size: 10pt; color: #ffffff;\">Jitae<\/span><\/td>\n<td style=\"width: 468px;\" width=\"697\"><span style=\"font-family: verdana, geneva, sans-serif; font-size: 10pt; color: #ffffff;\">Erde<\/span><br \/>\n<span style=\"font-family: verdana, geneva, sans-serif; font-size: 10pt; color: #ffffff;\"> Anzahl Bewegungen: 28<\/span><br \/>\n<span style=\"font-family: verdana, geneva, sans-serif; font-size: 10pt; color: #ffffff;\"> Pr\u00fcfungsform zum 6.\/7. Dan (Schwarz-Gurt)<br \/>\n<a style=\"color: #ffffff;\" href=\"https:\/\/www.youtube.com\/watch?v=nur2WsN7dQw\" target=\"_blank\" rel=\"noopener\">Jitae Kukkiwon Video (\u00f6ffnet ein neues Tab)<\/a><br \/>\n<\/span><\/td>\n<\/tr>\n<tr style=\"background-color: #808080;\">\n<td style=\"width: 111px;\" width=\"129\"><span style=\"font-family: verdana, geneva, sans-serif; font-size: 10pt; color: #ffffff;\">Chonkwon<\/span><\/td>\n<td style=\"width: 468px;\" width=\"697\"><span style=\"font-family: verdana, geneva, sans-serif; font-size: 10pt; color: #ffffff;\">Himmel<\/span><br \/>\n<span style=\"font-family: verdana, geneva, sans-serif; font-size: 10pt; color: #ffffff;\"> Anzahl Bewegungen: 27<\/span><br \/>\n<span style=\"font-family: verdana, geneva, sans-serif; font-size: 10pt; color: #ffffff;\"> Pr\u00fcfungsform zum 7.\/8. Dan (Schwarz-Gurt)<br \/>\n<a style=\"color: #ffffff;\" href=\"https:\/\/www.youtube.com\/watch?v=FBxCzK5c4bE\" target=\"_blank\" rel=\"noopener\">Chonkwon Kukkiwon Video (\u00f6ffnet ein neues Tab)<\/a><br \/>\n<\/span><\/td>\n<\/tr>\n<tr style=\"background-color: #808080;\">\n<td style=\"width: 111px;\" width=\"129\"><span style=\"font-family: verdana, geneva, sans-serif; font-size: 10pt; color: #ffffff;\">Hansu<\/span><\/td>\n<td style=\"width: 468px;\" width=\"697\"><span style=\"font-family: verdana, geneva, sans-serif; font-size: 10pt; color: #ffffff;\">Anpassungsf\u00e4higkeit des Wassers<\/span><br \/>\n<span style=\"font-family: verdana, geneva, sans-serif; font-size: 10pt; color: #ffffff;\"> Anzahl Bewegungen: 27<\/span><br \/>\n<span style=\"font-family: verdana, geneva, sans-serif; font-size: 10pt; color: #ffffff;\"> Pr\u00fcfungsform zum 8.\/9. Dan (Schwarz-Gurt)<br \/>\n<a style=\"color: #ffffff;\" href=\"https:\/\/www.youtube.com\/watch?v=lRp1JE7f-a8\" target=\"_blank\" rel=\"noopener\">Hansu Kukkiwon Video (\u00f6ffnet ein neues Tab)<\/a><br \/>\n<\/span><\/td>\n<\/tr>\n<tr style=\"background-color: #808080;\">\n<td style=\"width: 111px;\" width=\"129\"><span style=\"font-family: verdana, geneva, sans-serif; font-size: 10pt; color: #ffffff;\">Ilyeo<\/span><\/td>\n<td style=\"width: 468px;\" width=\"697\"><span style=\"font-family: verdana, geneva, sans-serif; font-size: 10pt; color: #ffffff;\">\u201eEinheit\u201c, im Sinne des spirituellen buddhistischen Zustands<\/span><br \/>\n<span style=\"font-family: verdana, geneva, sans-serif; font-size: 10pt; color: #ffffff;\"> Anzahl Bewegungen: 23<\/span><br \/>\n<span style=\"font-family: verdana, geneva, sans-serif; font-size: 10pt; color: #ffffff;\"> Pr\u00fcfungsform zum 9. Dan (Schwarz-Gurt)<br \/>\n<a style=\"color: #ffffff;\" href=\"https:\/\/www.youtube.com\/watch?v=jWClKVOrqJ8\" target=\"_blank\" rel=\"noopener\">Ilyeo Kukkiwon Video (\u00f6ffnet ein neues Tab)<\/a><br \/>\n<\/span><\/td>\n<\/tr>\n<\/tbody>\n<\/table>\n","protected":false},"excerpt":{"rendered":"<p>Das WT Formensystem Taeguk\/Poomsae Nach der Trennung in die Verb\u00e4nde ITF und WTF (sp\u00e4ter Umbenennung in WT) in den 1970ern entwickelten sich auch die Formen-Systeme auseinander. Die traditionelle Stilrichtung der &hellip; <\/p>\n<p class=\"link-more\"><a href=\"https:\/\/taeryon.bayern\/WordPress_02\/index.php\/taekwondo\/disziplinen\/formen\/poomsae\/\" class=\"more-link\"><span class=\"screen-reader-text\">\u201ePoomsae\u201c<\/span> weiterlesen<\/a><\/p>\n","protected":false},"author":1,"featured_media":0,"parent":116,"menu_order":0,"comment_status":"closed","ping_status":"closed","template":"","meta":{"ngg_post_thumbnail":0,"footnotes":""},"_links":{"self":[{"href":"https:\/\/taeryon.bayern\/WordPress_02\/index.php\/wp-json\/wp\/v2\/pages\/120"}],"collection":[{"href":"https:\/\/taeryon.bayern\/WordPress_02\/index.php\/wp-json\/wp\/v2\/pages"}],"about":[{"href":"https:\/\/taeryon.bayern\/WordPress_02\/index.php\/wp-json\/wp\/v2\/types\/page"}],"author":[{"embeddable":true,"href":"https:\/\/taeryon.bayern\/WordPress_02\/index.php\/wp-json\/wp\/v2\/users\/1"}],"replies":[{"embeddable":true,"href":"https:\/\/taeryon.bayern\/WordPress_02\/index.php\/wp-json\/wp\/v2\/comments?post=120"}],"version-history":[{"count":19,"href":"https:\/\/taeryon.bayern\/WordPress_02\/index.php\/wp-json\/wp\/v2\/pages\/120\/revisions"}],"predecessor-version":[{"id":3255,"href":"https:\/\/taeryon.bayern\/WordPress_02\/index.php\/wp-json\/wp\/v2\/pages\/120\/revisions\/3255"}],"up":[{"embeddable":true,"href":"https:\/\/taeryon.bayern\/WordPress_02\/index.php\/wp-json\/wp\/v2\/pages\/116"}],"wp:attachment":[{"href":"https:\/\/taeryon.bayern\/WordPress_02\/index.php\/wp-json\/wp\/v2\/media?parent=120"}],"curies":[{"name":"wp","href":"https:\/\/api.w.org\/{rel}","templated":true}]}}